ime number?
True
Is 53945987 prime?
True
Is 986837 prime?
True
Is 5893763 composite?
True
Is 32173 a composite number?
False
Is 2633981 a prime number?
False
Is 70204655 a prime number?
False
Is 770603 a prime number?
False
Is 1591685 a prime number?
False
Is 1190055767 a prime number?
True
Is 270947 composite?
True
Is 1751543 prime?
False
Is 380503 a composite number?
False
Is 4222249 a composite number?
True
Is 35134451 a prime number?
False
Is 42170311 a prime number?
True
Is 8738441 composite?
True
Is 2527381 prime?
True
Is 454024097 a composite number?
False
Is 78551591 prime?
False
Is 6637361 a composite number?
True
Is 66412403 composite?
True
Is 6601879 composite?
True
Is 417865783 prime?
True
Is 293329837 composite?
False
Is 543190031 prime?
False
Is 138277943 a prime number?
True
Is 1599083 composite?
False
Is 10365559 composite?
True
Is 3477206 prime?
False
Is 55997 prime?
True
Is 145250213 composite?
True
Is 697867 a prime number?
False
Is 801487 prime?
True
Is 26057237 composite?
True
Is 32827651 a prime number?
True
Is 4290367 a composite number?
True
Is 31196047 a prime number?
True
Is 93339151 a prime number?
True
Is 14756883 a prime number?
False
Is 342975691 a prime number?
True
Is 28429881 a prime number?
False
Is 21290729 prime?
True
Is 90845273 composite?
False
Is 447121771 a composite number?
True
Is 37579693 prime?
True
Is 1864459 a prime number?
False
Is 600082171 a composite number?
True
Is 6600421 composite?
False
Is 7034887 a prime number?
True
Is 5027411 a prime number?
False
Is 219068611 composite?
False
Is 185654913 composite?
True
Is 126701447 prime?
True
Is 89124031 prime?
False
Is 6653161 a prime number?
False
Is 1536254 prime?
False
Is 2116661 a composite number?
True
Is 87931033 composite?
False
Is 3574993 a prime number?
False
Is 266688901 a prime number?
False
Is 14599087 a composite number?
True
Is 87944207 a composite number?
True
Is 51684589 prime?
False
Is 10490563 composite?
False
Is 11128522 a prime number?
False
Is 2994097 a composite number?
False
Is 1716097 a prime number?
False
Is 27471 a prime number?
False
Is 8147 a composite number?
False
Is 22583143 a composite number?
True
Is 21731833 prime?
True
Is 35674673 composite?
False
Is 1499983 a prime number?
False
Is 1798579 composite?
True
Is 4246131 a composite number?
True
Is 44234713 composite?
True
Is 24949403 composite?
False
Is 333634001 a prime number?
True
Is 239161553 composite?
False
Is 165375101 prime?
True
Is 4974691 composite?
False
Is 17578921 composite?
True
Is 1487351 a composite number?
False
Is 5502691 a prime number?
True
Is 418597 prime?
True
Is 9752597 a composite number?
False
Is 1372027 prime?
True
Is 3593873 composite?
False
Is 817069 a composite number?
True
Is 1640221 prime?
False
Is 1195919 composite?
False
Is 271577 a prime number?
False
Is 194392735 a prime number?
False
Is 847634029 a composite number?
True
Is 33903421 a composite number?
False
Is 16150261 prime?
False
Is 201281081 a composite number?
True
Is 276776582 a composite number?
True
Is 6825493 a composite number?
True
Is 202409057 a composite number?
False
Is 7411217 prime?
False
Is 216764539 composite?
False
Is 16686677 composite?
True
Is 14733217 a composite number?
False
Is 10203443 prime?
True
Is 30032881 a composite number?
True
Is 3853667 a composite number?
True
Is 235964609 a prime number?
True
Is 5663543 prime?
False
Is 2391923 a composite number?
True
Is 9290089 a prime number?
False
Is 719749 a prime number?
True
Is 606842339 a prime number?
True
Is 4265761 prime?
False
Is 384821 composite?
False
Is 1869929 composite?
False
Is 10773673 prime?
False
Is 29721047 a composite number?
False
Is 3426317 prime?
True
Is 31491142 composite?
True
Is 4753169 a prime number?
True
Is 12665957 composite?
False
Is 115206691 a composite number?
False
Is 99609043 a prime number?
True
Is 628722491 a composite number?
False
Is 2885341 a composite number?
False
Is 210201331 composite?
False
Is 68652109 a composite number?
True
Is 10343903 a prime number?
True
Is 4906061 prime?
False
Is 339447389 composite?
True
Is 51329051 a prime number?
False
Is 1269797 a composite number?
False
Is 10910021 a composite number?
False
Is 6115253 a prime number?
True
Is 81927007 composite?
True
Is 36545711 a prime number?
True
Is 8148871 a composite number?
False
Is 2462591 a composite number?
True
Is 65169997 composite?
False
Is 606631 prime?
False
Is 58246663 a prime number?
True
Is 132299159 a prime number?
False
Is 376076299 composite?
True
Is 5655229 a prime number?
False
Is 185155181 a prime number?
True
Is 156536129 composite?
True
Is 1135319 composite?
True
Is 3042307 a composite number?
False
Is 13064771 composite?
False
Is 129533939 a prime number?
True
Is 55444073 a prime number?
True
Is 20754203 composite?
False
Is 62501099 composite?
False
Is 2079206 a prime number?
False
Is 62875289 a prime number?
True
Is 11022951 prime?
False
Is 3382961 a prime number?
True
Is 9797449 composite?
False
Is 107288395 prime?
False
Is 133057754 a prime number?
False
Is 785003 a prime number?
True
Is 111212239 prime?
True
Is 372131 a composite number?
False
Is 1135699 a prime number?
True
Is 30561599 composite?
False
Is 1884241 prime?
False
Is 6641239 a prime number?
False
Is 4834813 composite?
False
Is 16941658 a composite number?
True
Is 4131343 composite?
True
Is 56532013 prime?
True
Is 237345487 a prime number?
False
Is 37815421 a prime number?
False
Is 208818523 composite?
True
Is 2225161 a prime number?
False
Is 6374873 composite?
False
Is 357227 a prime number?
False
Is 6305851 composite?
True
Is 2224801 a prime number?
True
Is 2836303 composite?
False
Is 25928543 composite?
False
Is 104339929 prime?
True
Is 17309933 composite?
False
Is 6086351 prime?
True
Is 43969351 a composite number?
True
Is 3138602 a prime number?
False
Is 10702559 composite?
True
Is 274189 composite?
True
Is 461527139 composite?
False
Is 10653163 composite?
True
Is 21268679 prime?
True
Is 318173 prime?
True
Is 82217 a composite number?
False
Is 27440987 a prime number?
False
Is 43063961 a composite number?
True
Is 20261039 a composite number?
False
Is 473272193 composite?
False
Is 7014341 prime?
False
Is 25578127 composite?
False
Is 1339209137 a prime number?
False
Is 76173359 a prime number?
True
Is 559334183 a composite number?
False
Is 28252339 composite?
True
Is 11376139 a prime number?
False
Is 1933537 prime?
True
Is 106265603 prime?
False
Is 30828163 a prime number?
True
Is 188605883 composite?
False
Is 2733427 a composite number?
False
Is 10572127 a prime number?
False
Is 6014271 a composite number?
True
Is 5645515 a prime number?
False
Is 470521921 prime?
True
Is 15667939 a prime number?
False
Is 19628927 composite?
False
Is 89008615 composite?
True
Is 3728633 a prime number?
True
Is 983423041 a composite number?
True
Is 110180722 prime?
False
Is 603778907 a prime number?
False
Is 40095778 a composite number?
True
Is 54694729 composite?
True
Is 59141003 composite?
False
Is 56367511 composite?
True
Is 51897409 a prime number?
False
Is 354475489 a composite number?
False
Is 18501091 composite?
True
Is 210774209 prime?
True
Is 18267109 a prime number?
False
Is 37619 prime?
True
Is 12873921 composite?
True
Is 4775833 a prime number?
False
Is 5248049 prime?
False
Is 2597417 composite?
True
Is 29051207 a composite number?
True
Is 15485839 a composite number?
True
Is 69079667 a composite number?
True
Is 851360803 a composite number?
True
Is 1611053 prime?
True
Is 227499819 a prime number?
False
Is 10950311 a prime number?
True
Is 13111987 a prime number?
False
Is 25393421 a composite number?
True
Is 2462219 a prime number?
False
Is 10806937 a composite number?
True
Is 18653339 prime?
False
Is 40792803 a composite number?
True
Is 4327963 prime?
True
Is 11963891 a composite number?
False
Is 54747523 a composite number?
False
Is 614497 composite?
True
Is 1687854745 composite?
True
Is 15986 a prime number?
False
Is 87792719 a composite number?
True
Is 52019921 a prime number?
True
Is 6330949 prime?
False
Is 175496221 prime?
True
Is 477563 prime?
False
Is 13754269 prime?
False
Is 3790187 prime?
True
Is 2279629 prime?
False
Is 46226515 a prime number?
False
Is 18536923 composite?
False
Is 9082987 prime?
False
Is 